{"id":11,"date":"2023-07-19T18:06:03","date_gmt":"2023-07-19T18:06:03","guid":{"rendered":"https:\/\/metate.fi\/metate\/?page_id=11"},"modified":"2023-11-09T20:42:07","modified_gmt":"2023-11-09T20:42:07","slug":"jaseneksi","status":"publish","type":"page","link":"https:\/\/metate.fi\/metate\/jaseneksi\/","title":{"rendered":"J\u00e4seneksi"},"content":{"rendered":"<div id=\"paakuva\">\n<img decoding=\"async\" id=\"paakuva_img_0\" class=\"paakuva_img\" src=\"https:\/\/metate.fi\/metate\/wp-content\/uploads\/2023\/08\/paakuva_14.jpg\">\n<img decoding=\"async\" id=\"paakuva_img_1\" class=\"paakuva_img\" src=\"https:\/\/metate.fi\/metate\/wp-content\/uploads\/2024\/11\/paakuv_3.jpg\">\n<img decoding=\"async\" id=\"paakuva_img_2\" class=\"paakuva_img\" src=\"https:\/\/metate.fi\/metate\/wp-content\/uploads\/2024\/11\/paakuv_6.jpg\">\n<img decoding=\"async\" id=\"paakuva_img_3\" class=\"paakuva_img\" src=\"https:\/\/metate.fi\/metate\/wp-content\/uploads\/2023\/08\/paakuva_11.jpg\">\n<img decoding=\"async\" id=\"paakuva_img_4\" class=\"paakuva_img\" src=\"https:\/\/metate.fi\/metate\/wp-content\/uploads\/2026\/02\/paakuv_7.jpg\">\n<img decoding=\"async\" id=\"paakuva_img_5\" class=\"paakuva_img\" src=\"https:\/\/metate.fi\/metate\/wp-content\/uploads\/2024\/11\/paakuv_2.jpg\">\n<\/div>\n<input type=hidden id=\"num_paakuvat\" value=\"6\">\n\n<h4>J\u00e4seneksi<\/h4>\n<div class=\"entry_valkoinen\">\n  <h4 class=\"entry_post_otsikko\">J\u00e4senedut<\/h4>\n  <div class=\"entry_post_content\"><p><strong>Messu- ja tapahtumatekij\u00e4t ry:n j\u00e4senyys tuo sinulle seuraavia etuja:<\/strong><\/p>\n<p>Pys\u00e4k\u00f6intietu Helsingin messukeskukseen<br \/>\nYhdistyksen j\u00e4senet saavat vuoden 2025 vuosipys\u00e4k\u00f6innin hintaan 250,00 (alv 0%).<\/p>\n<p><strong>Koulutusta ja seminaareja:<\/strong><\/p>\n<p>Messu- ja tapahtumatekij\u00e4t ry j\u00e4rjest\u00e4\u00e4 j\u00e4senist\u00f6lle erilaista ajankohtaiskoulutusta, seminaareja sek\u00e4 yhteisi\u00e4 tilaisuuksia, joissa on mahdollisuus tutustua muihin alan yritt\u00e4jiin. Tilaa j\u00e4sentiedotteemme s\u00e4hk\u00f6postitse ja seuraa ajankohtaista osiota j\u00e4senosiostamme.<\/p>\n<p><strong>J\u00e4sensivut netiss\u00e4:<\/strong><\/p>\n<p>Tutustu ja yll\u00e4ty &#8230;<\/p>\n<\/div>\n<\/div>\n<div class=\"entry_harmaa\">\n<h4 class=\"entry_post_otsikko\">J\u00e4senmaksut<\/h4>\n<div class=\"entry_post_content\"><p>Messu- ja tapahtumatekij\u00e4t ry:n j\u00e4senmaksut vuodelle 2025 on 100 euroa. J\u00e4senkausi on kalenterivuosi.<\/p>\n<\/div>\n<\/div>\n\n\n<div class=\"wpcf7 no-js\" id=\"wpcf7-f159-o1\" lang=\"fi\" dir=\"ltr\" data-wpcf7-id=\"159\">\n<div class=\"screen-reader-response\"><p role=\"status\" aria-live=\"polite\" aria-atomic=\"true\"><\/p> <ul><\/ul><\/div>\n<form action=\"\/metate\/wp-json\/wp\/v2\/pages\/11#wpcf7-f159-o1\" method=\"post\" class=\"wpcf7-form init\" aria-label=\"Yhteydenottolomake\" novalidate=\"novalidate\" data-status=\"init\">\n<fieldset class=\"hidden-fields-container\"><input type=\"hidden\" name=\"_wpcf7\" value=\"159\" \/><input type=\"hidden\" name=\"_wpcf7_version\" value=\"6.1.4\" \/><input type=\"hidden\" name=\"_wpcf7_locale\" value=\"fi\" \/><input type=\"hidden\" name=\"_wpcf7_unit_tag\" value=\"wpcf7-f159-o1\" \/><input type=\"hidden\" name=\"_wpcf7_container_post\" value=\"0\" \/><input type=\"hidden\" name=\"_wpcf7_posted_data_hash\" value=\"\" \/><input type=\"hidden\" name=\"_wpcf7_recaptcha_response\" value=\"\" \/>\n<\/fieldset>\n<div id=\"lomake_clearfix\">\n\t<h4 class=\"entry_post_otsikko\">J\u00e4senhakemus\n\t<\/h4>\n\t<div id=\"lomake_left\">\n\t\t<p>Yrityksen nimi*<br \/>\n<span class=\"wpcf7-form-control-wrap\" data-name=\"yrityksen-nimi\"><input size=\"40\" maxlength=\"400\" class=\"wpcf7-form-control wpcf7-text wpcf7-validates-as-required\" tabindex=\"1\" aria-required=\"true\" aria-invalid=\"false\" value=\"\" type=\"text\" name=\"yrityksen-nimi\" \/><\/span><br \/>\nOsoite*<br \/>\n<span class=\"wpcf7-form-control-wrap\" data-name=\"osoite\"><input size=\"40\" maxlength=\"400\" class=\"wpcf7-form-control wpcf7-text wpcf7-validates-as-required\" tabindex=\"3\" aria-required=\"true\" aria-invalid=\"false\" value=\"\" type=\"text\" name=\"osoite\" \/><\/span><br \/>\nPostitoimipaikka*<br \/>\n<span class=\"wpcf7-form-control-wrap\" data-name=\"postitoimipaikka\"><input size=\"40\" maxlength=\"400\" class=\"wpcf7-form-control wpcf7-text wpcf7-validates-as-required\" tabindex=\"5\" aria-required=\"true\" aria-invalid=\"false\" value=\"\" type=\"text\" name=\"postitoimipaikka\" \/><\/span><br \/>\nS\u00e4hk\u00f6posti*<br \/>\n<span class=\"wpcf7-form-control-wrap\" data-name=\"email\"><input size=\"40\" maxlength=\"400\" class=\"wpcf7-form-control wpcf7-email wpcf7-validates-as-required wpcf7-text wpcf7-validates-as-email\" tabindex=\"7\" aria-required=\"true\" aria-invalid=\"false\" value=\"\" type=\"email\" name=\"email\" \/><\/span>\n\t\t<\/p>\n\t<\/div>\n\t<div id=\"lomake_right\">\n\t\t<p>Yhteyshenkil\u00f6*<br \/>\n<span class=\"wpcf7-form-control-wrap\" data-name=\"yhteyshenkilo\"><input size=\"40\" maxlength=\"400\" class=\"wpcf7-form-control wpcf7-text wpcf7-validates-as-required\" tabindex=\"2\" aria-required=\"true\" aria-invalid=\"false\" value=\"\" type=\"text\" name=\"yhteyshenkilo\" \/><\/span><br \/>\nPostinumero*<br \/>\n<span class=\"wpcf7-form-control-wrap\" data-name=\"postinumero\"><input size=\"40\" maxlength=\"400\" class=\"wpcf7-form-control wpcf7-text wpcf7-validates-as-required\" tabindex=\"4\" aria-required=\"true\" aria-invalid=\"false\" value=\"\" type=\"text\" name=\"postinumero\" \/><\/span><br \/>\nY-tunnus*<br \/>\n<span class=\"wpcf7-form-control-wrap\" data-name=\"y-tunnus\"><input size=\"40\" maxlength=\"400\" class=\"wpcf7-form-control wpcf7-text wpcf7-validates-as-required\" tabindex=\"6\" aria-required=\"true\" aria-invalid=\"false\" value=\"\" type=\"text\" name=\"y-tunnus\" \/><\/span><br \/>\nPuhelin*<br \/>\n<span class=\"wpcf7-form-control-wrap\" data-name=\"puh\"><input size=\"40\" maxlength=\"400\" class=\"wpcf7-form-control wpcf7-text wpcf7-validates-as-required\" tabindex=\"8\" aria-required=\"true\" aria-invalid=\"false\" value=\"\" type=\"text\" name=\"puh\" \/><\/span>\n\t\t<\/p>\n\t<\/div>\n\t<div id=\"lomake_fullcolumn\">\n\t\t<p>Mit\u00e4 odotat yhdistyksen j\u00e4senyydelt\u00e4? Sana vapaa.<span class=\"wpcf7-form-control-wrap\" data-name=\"odotukset\"><textarea cols=\"40\" rows=\"10\" maxlength=\"2000\" class=\"wpcf7-form-control wpcf7-textarea odotukset\" tabindex=\"10\" aria-invalid=\"false\" name=\"odotukset\"><\/textarea><\/span>\n\t\t<\/p>\n\t<\/div>\n\t<p><span id=\"submit_button\"><input class=\"wpcf7-form-control wpcf7-submit has-spinner\" type=\"submit\" value=\"L\u00e4het\u00e4\" \/><\/span>\n\t<\/p>\n<\/div><div class=\"wpcf7-response-output\" aria-hidden=\"true\"><\/div>\n<\/form>\n<\/div>\n\n","protected":false},"excerpt":{"rendered":"","protected":false},"author":1,"featured_media":0,"parent":0,"menu_order":0,"comment_status":"closed","ping_status":"closed","template":"","meta":{"_acf_changed":false,"footnotes":""},"class_list":["post-11","page","type-page","status-publish","hentry"],"acf":[],"_links":{"self":[{"href":"https:\/\/metate.fi\/metate\/wp-json\/wp\/v2\/pages\/11","targetHints":{"allow":["GET"]}}],"collection":[{"href":"https:\/\/metate.fi\/metate\/wp-json\/wp\/v2\/pages"}],"about":[{"href":"https:\/\/metate.fi\/metate\/wp-json\/wp\/v2\/types\/page"}],"author":[{"embeddable":true,"href":"https:\/\/metate.fi\/metate\/wp-json\/wp\/v2\/users\/1"}],"replies":[{"embeddable":true,"href":"https:\/\/metate.fi\/metate\/wp-json\/wp\/v2\/comments?post=11"}],"version-history":[{"count":9,"href":"https:\/\/metate.fi\/metate\/wp-json\/wp\/v2\/pages\/11\/revisions"}],"predecessor-version":[{"id":227,"href":"https:\/\/metate.fi\/metate\/wp-json\/wp\/v2\/pages\/11\/revisions\/227"}],"wp:attachment":[{"href":"https:\/\/metate.fi\/metate\/wp-json\/wp\/v2\/media?parent=11"}],"curies":[{"name":"wp","href":"https:\/\/api.w.org\/{rel}","templated":true}]}}